{"id":73,"date":"2024-12-08T23:54:24","date_gmt":"2024-12-09T02:54:24","guid":{"rendered":"https:\/\/elclubdelosquesos.com\/tienda\/product\/ginepro\/"},"modified":"2025-02-13T14:08:50","modified_gmt":"2025-02-13T17:08:50","slug":"ginepro","status":"publish","type":"product","link":"https:\/\/elclubdelosquesos.com\/tienda\/product\/ginepro\/","title":{"rendered":"Ginepro"},"content":{"rendered":"","protected":false},"excerpt":{"rendered":"<p>GINEPRO<\/p>\n<p>Es nuestra versi\u00f3n del Pecorino Ginepro que se hace originalmente en la regi\u00f3n Emilia-Roma\u00f1a, Italia, con leche cruda de oveja. Aqu\u00ed lo elaboramos con leche pasteurizada de vaca. Es de pasta dura, quebradiza, y contiene bayas de enebro que le otorgan un perfume pronunciado a pino y bosque. La corteza es pintada (aunque el recubrimiento est\u00e1 formulado especialmente para la industria l\u00e1ctea con materias primas inocuas para el ser humano, no le aporta sabor ni aromas, se quita para consumir). Es ideal para rallar sobre pastas o risotos. Maridaje: Syrah, espumante, o un Gin &amp; Tonic.<\/p>\n","protected":false},"featured_media":132,"template":"","meta":{"_et_pb_use_builder":"","_et_pb_old_content":"","_et_gb_content_width":""},"product_brand":[],"product_cat":[18],"product_tag":[],"class_list":{"0":"post-73","1":"product","2":"type-product","3":"status-publish","4":"has-post-thumbnail","6":"product_cat-quesos","8":"first","9":"outofstock","10":"shipping-taxable","11":"purchasable","12":"product-type-simple"},"_links":{"self":[{"href":"https:\/\/elclubdelosquesos.com\/tienda\/wp-json\/wp\/v2\/product\/73","targetHints":{"allow":["GET"]}}],"collection":[{"href":"https:\/\/elclubdelosquesos.com\/tienda\/wp-json\/wp\/v2\/product"}],"about":[{"href":"https:\/\/elclubdelosquesos.com\/tienda\/wp-json\/wp\/v2\/types\/product"}],"wp:featuredmedia":[{"embeddable":true,"href":"https:\/\/elclubdelosquesos.com\/tienda\/wp-json\/wp\/v2\/media\/132"}],"wp:attachment":[{"href":"https:\/\/elclubdelosquesos.com\/tienda\/wp-json\/wp\/v2\/media?parent=73"}],"wp:term":[{"taxonomy":"product_brand","embeddable":true,"href":"https:\/\/elclubdelosquesos.com\/tienda\/wp-json\/wp\/v2\/product_brand?post=73"},{"taxonomy":"product_cat","embeddable":true,"href":"https:\/\/elclubdelosquesos.com\/tienda\/wp-json\/wp\/v2\/product_cat?post=73"},{"taxonomy":"product_tag","embeddable":true,"href":"https:\/\/elclubdelosquesos.com\/tienda\/wp-json\/wp\/v2\/product_tag?post=73"}],"curies":[{"name":"wp","href":"https:\/\/api.w.org\/{rel}","templated":true}]}}