{"id":76,"date":"2024-12-08T23:54:24","date_gmt":"2024-12-09T02:54:24","guid":{"rendered":"https:\/\/elclubdelosquesos.com\/tienda\/product\/montasio\/"},"modified":"2025-02-13T14:08:50","modified_gmt":"2025-02-13T17:08:50","slug":"montasio","status":"publish","type":"product","link":"https:\/\/elclubdelosquesos.com\/tienda\/product\/montasio\/","title":{"rendered":"Montasio"},"content":{"rendered":"","protected":false},"excerpt":{"rendered":"<p>Queso tipo Montasio<\/p>\n<p>Creado en el siglo XIII en el monasterio de Maggio, el Montasio antiguamente se elaboraba s\u00f3lo con leche de oveja, en la actualidad se utiliza leche de vaca tal como lo elaboramos aqu\u00ed en Rauch, Provincia de Buenos Aires. El interior, de color amarillo o pajizo claro, es firme, con peque\u00f1os ojos. Es cremoso y frutal, con toques de anan\u00e1. Presenta un retrogusto penetrante, a medida que madura, la corteza se endurece y la pasta se vuelve granulada, casi quebradiza y el sabor frutal se intensifica. Ideal para tablas de quesos, salsas o rallado. Maridaje: vinos blancos: Pinot Grigio o Sangiovese.<\/p>\n","protected":false},"featured_media":222,"template":"","meta":{"_et_pb_use_builder":"","_et_pb_old_content":"","_et_gb_content_width":""},"product_brand":[],"product_cat":[18],"product_tag":[],"class_list":{"0":"post-76","1":"product","2":"type-product","3":"status-publish","4":"has-post-thumbnail","6":"product_cat-quesos","8":"first","9":"outofstock","10":"shipping-taxable","11":"purchasable","12":"product-type-simple"},"_links":{"self":[{"href":"https:\/\/elclubdelosquesos.com\/tienda\/wp-json\/wp\/v2\/product\/76","targetHints":{"allow":["GET"]}}],"collection":[{"href":"https:\/\/elclubdelosquesos.com\/tienda\/wp-json\/wp\/v2\/product"}],"about":[{"href":"https:\/\/elclubdelosquesos.com\/tienda\/wp-json\/wp\/v2\/types\/product"}],"wp:featuredmedia":[{"embeddable":true,"href":"https:\/\/elclubdelosquesos.com\/tienda\/wp-json\/wp\/v2\/media\/222"}],"wp:attachment":[{"href":"https:\/\/elclubdelosquesos.com\/tienda\/wp-json\/wp\/v2\/media?parent=76"}],"wp:term":[{"taxonomy":"product_brand","embeddable":true,"href":"https:\/\/elclubdelosquesos.com\/tienda\/wp-json\/wp\/v2\/product_brand?post=76"},{"taxonomy":"product_cat","embeddable":true,"href":"https:\/\/elclubdelosquesos.com\/tienda\/wp-json\/wp\/v2\/product_cat?post=76"},{"taxonomy":"product_tag","embeddable":true,"href":"https:\/\/elclubdelosquesos.com\/tienda\/wp-json\/wp\/v2\/product_tag?post=76"}],"curies":[{"name":"wp","href":"https:\/\/api.w.org\/{rel}","templated":true}]}}