{"id":89,"date":"2024-12-08T23:54:25","date_gmt":"2024-12-09T02:54:25","guid":{"rendered":"https:\/\/elclubdelosquesos.com\/tienda\/product\/espumante-ladran-sancho\/"},"modified":"2025-02-13T14:08:51","modified_gmt":"2025-02-13T17:08:51","slug":"espumante-ladran-sancho","status":"publish","type":"product","link":"https:\/\/elclubdelosquesos.com\/tienda\/product\/espumante-ladran-sancho\/","title":{"rendered":"Espumante Ladran Sancho"},"content":{"rendered":"","protected":false},"excerpt":{"rendered":"<p>Espumante Calchaqu\u00ed. Elaborado en Cafayate, Salta con uvas Torront\u00e9s. De notas dulces y mucho sabor a uva fresca como reci\u00e9n cosechada. Es un espumante que a todo el mundo encanta por su delicadeza y dulzura equilibrada con la acidez.<\/p>\n","protected":false},"featured_media":200,"template":"","meta":{"_et_pb_use_builder":"","_et_pb_old_content":"","_et_gb_content_width":""},"product_brand":[],"product_cat":[19],"product_tag":[],"class_list":{"0":"post-89","1":"product","2":"type-product","3":"status-publish","4":"has-post-thumbnail","6":"product_cat-vino","8":"first","9":"instock","10":"shipping-taxable","11":"purchasable","12":"product-type-simple"},"_links":{"self":[{"href":"https:\/\/elclubdelosquesos.com\/tienda\/wp-json\/wp\/v2\/product\/89","targetHints":{"allow":["GET"]}}],"collection":[{"href":"https:\/\/elclubdelosquesos.com\/tienda\/wp-json\/wp\/v2\/product"}],"about":[{"href":"https:\/\/elclubdelosquesos.com\/tienda\/wp-json\/wp\/v2\/types\/product"}],"wp:featuredmedia":[{"embeddable":true,"href":"https:\/\/elclubdelosquesos.com\/tienda\/wp-json\/wp\/v2\/media\/200"}],"wp:attachment":[{"href":"https:\/\/elclubdelosquesos.com\/tienda\/wp-json\/wp\/v2\/media?parent=89"}],"wp:term":[{"taxonomy":"product_brand","embeddable":true,"href":"https:\/\/elclubdelosquesos.com\/tienda\/wp-json\/wp\/v2\/product_brand?post=89"},{"taxonomy":"product_cat","embeddable":true,"href":"https:\/\/elclubdelosquesos.com\/tienda\/wp-json\/wp\/v2\/product_cat?post=89"},{"taxonomy":"product_tag","embeddable":true,"href":"https:\/\/elclubdelosquesos.com\/tienda\/wp-json\/wp\/v2\/product_tag?post=89"}],"curies":[{"name":"wp","href":"https:\/\/api.w.org\/{rel}","templated":true}]}}